culate the remainder when 31 is divided by j*4/6 - -1.
9
Let f = 9 - 6. Suppose -5*b - a = -202, b + b + f*a - 86 = 0. Calculate the remainder when b is divided by 14.
12
Suppose 0 = -0*i - 3*i + 12. What is the remainder when 2*i/(24/225) is divided by 19?
18
Suppose 5*g - 35 = -3*u, -3*u - 1 + 20 = g. Suppose g*r + 15 = 5*r. What is the remainder when r is divided by 4?
3
Suppose 2*h + 4*f = 7*h - 57, 29 = 3*h - 5*f. Let a = 7 + -2. Let i = 0 + a. What is the remainder when h is divided by i?
3
Let g = 23 + -13. Suppose -s - 3*s - l - 17 = 0, -5*s = -3*l + 34. Let d = s - -8. Calculate the remainder when g is divided by d.
1
Let h = 100 + -49. Calculate the remainder when h is divided by 6.
3
Suppose 2*r + 150 = 5*z - 0*z, 0 = -4*z + 5*r + 137. Calculate the remainder when 55 is divided by z.
27
Suppose -298 = -5*k - 4*h, 2*h = -2*k - 0*h + 120. Calculate the remainder when k is divided by 12.
10
Let l be ((-1)/3)/((-2)/30). Suppose 5*r - 1 = -l*q + 19, 3*q = 3. Suppose r*i - 88 = 53. What is the remainder when i is divided by 16?
15
Let s(x) = -x**3 + 4*x**2 + 7*x - 5. Let j = 2 + 4. Calculate the remainder when s(4) is divided by j.
5
Suppose -4*y - 2 = -5*y. Calculate the remainder when 19 is divided by (49/35)/(y/10).
5
Let d = -66 + 111. Let j(u) = u**3 - 8*u**2 + 7*u + 16. Calculate the remainder when d is divided by j(7).
13
Suppose -3*s = 3*l - 504, -5*l - 5*s + s = -835. What is the remainder when l is divided by 15?
13
Suppose 3*k - g + 36 = 100, -85 = -4*k + g. Calculate the remainder when 81 is divided by k.
18
Suppose -4*p + p - 2*q = -89, p - 27 = 2*q. Let a = 6 + 15. Suppose 9 + a = 3*f. Calculate the remainder when p is divided by f.
9
Suppose 64 = -5*w - 2*t, -2*t + 26 = -w + 2*t. Suppose 2*k = 5*j - k - 44, 3*k = -4*j + 19. Calculate the remainder when (-6)/(-21) - 346/w is divided by j.
4
Let z = -161 + 167. Calculate the remainder when 88 is divided by z.
4
What is the remainder when 93 is divided by 1 - 2 - 13*-1?
9
Let u(d) = d**2 + 7*d - 3. Let y be u(-6). Let a = y - -23. What is the remainder when 26 is divided by a?
12
Suppose -110 = -5*a + 15. Suppose 7 + a = l. Suppose 0 = -p - 1 + 12. What is the remainder when l is divided by p?
10
Suppose -c + 2*c - 2*i - 12 = 0, -3*c - 3*i - 9 = 0. Suppose c*p = -0*p + 14. Let u = -36 - -62. Calculate the remainder when u is divided by p.
5
Let n be -3 + 1/1 + 4. Suppose 110 = 5*u - 5*g, 0 = 2*u - 0*u + 2*g - 28. Calculate the remainder when u is divided by 6/(-3) + 10 + n.
8
Let r(v) = -v**3 + 3*v**2 - 2*v - 2. Let w be r(2). Let j = -70 - -107. Calculate the remainder when j is divided by 12 + (w - -1)*-1.
11
Let n(v) = -v**2 + 8*v - 6. Suppose -12 = s - 4*s. Let j = -18 - -36. Calculate the remainder when j is divided by n(s).
8
Let z(p) = p**3 + 5*p**2 - 9*p - 7. Suppose 4*s = 3*s - 6. What is the remainder when (49/(-14))/((5/6)/(-5)) is divided by z(s)?
10
Let c(t) = -1 + 4*t - 6*t - 2*t + 6*t. Let m = 24 - 13. What is the remainder when 41 is divided by c(m)?
20
Let a(y) = 18*y**2 - y - 2. What is the remainder when a(-1) is divided by 12?
5
Let q be (-1 + 0)/((-5)/20). Suppose q*p = 5*p - 19. Calculate the remainder when 36 is divided by p.
17
Suppose 0 = 4*d + 423 - 59. Let t = -65 - d. What is the remainder when t is divided by 15?
11
Let b = -7 - -10. Suppose 2*d = d + 2. Calculate the remainder when b is divided by d.
1
What is the remainder when (-6)/12*(-53 + 1) is divided by (-1 - -4)/((-4)/7 - -1)?
5
Suppose w + 0*w = -24. Let f = 56 + w. Calculate the remainder when f is divided by (-79)/(-7) - 2/7.
10
Let i = -25 - -31. Calculate the remainder when 19 is divided by i.
1
Calculate the remainder when (-2)/(-4) - (-1784)/16 is divided by 23.
20
Let n be 6 + ((-2)/(-2))/(-1). Suppose -2*u = h + 1 - n, -4*h - 16 = 0. What is the remainder when 11 is divided by u?
3
Calculate the remainder when (6/4)/(4/328) is divided by 42.
39
Let d(y) = -y**3 + 6*y**2 - 7*y + 5. Suppose 1 = 4*r + 4*f - 83, 2*r + 3*f = 46. What is the remainder when r is divided by d(4)?
8
Suppose -2 = -k + 4. Let j = 6 - k. Suppose -3*t + j*t = -69. Calculate the remainder when t is divided by 8.
7
Suppose -43 = -3*z + 143. What is the remainder when z is divided by 16?
14
Let p(h) = -h**3 + 12*h**2 + h + 4. Calculate the remainder when (-6 + 0)*(-15)/2 is divided by p(12).
13
Let m = 68 - 46. Let k = -16 + 16. Suppose o + o - 84 = k. Calculate the remainder when o is divided by m.
20
Suppose -7*h + 5 = -2*h. Calculate the remainder when 7 is divided by h.
0
Let q(d) = -2*d**2 + 18*d - 15. Calculate the remainder when 24 is divided by q(7).
11
Let s(l) = -l**3 + 2*l**2 - 3*l + 3. Let y be s(2). Calculate the remainder when 28 is divided by (-60)/4*(y - -2).
13
Suppose -336 = -4*w + p, -2*w - 4*p = -4*w + 154. What is the remainder when w is divided by 29?
27
Let t = 1 + 2. Suppose -m = 3*m - 96. Calculate the remainder when m is divided by (2 - 1)*(t - -10).
11
Suppose 0 = 2*t + 5*i - 60, -2*t - 98 = -6*t + i. Calculate the remainder when 49 is divided by t.
24
Suppose 0*q - b + 96 = q, 3*q = -4*b + 284. Calculate the remainder when q is divided by 35.
30
Suppose -2*o - 4*v + 20 = 0, -v = -2*o + 2*v + 20. Let f(p) = p**3 + 5*p**2 - 4*p - 2. Let l = 14 + -19. What is the remainder when f(l) is divided by o?
8
Suppose 2*q - 8 = 32. Suppose -i = 4*v - 10 - 13, -5*i + 4*v + 211 = 0. What is the remainder when i is divided by q?
19
Suppose 2*l = 2*w + 3*w + 47, -5*w - 5 = 0. What is the remainder when 103 is divided by l?
19
Let d = 96 + -42. Suppose -111 - d = -5*h. What is the remainder when h is divided by 12?
9
Let h(i) = -i**3 - i + 11. Let f be h(0). Suppose 3*d + f = -d + 5*c, 3*c = 3*d + 6. Suppose -2*z + 3 = -d. Calculate the remainder when 3 is divided by z.
1
Suppose -5*q + 0*q + 190 = 0. Calculate the remainder when q is divided by 13.
12
Let s = -15 - -21. Suppose -s*n = -n - 255. What is the remainder when n is divided by 26?
25
Let n be 2/(-5) + (-492)/(-30). Suppose -4*j - j - 16 = -4*v, 3*j - n = -4*v. Let w = -3 + v. What is the remainder when w is divided by 1?
0
Let d = 69 + 45. What is the remainder when d is divided by 30?
24
Suppose -n + 18 = -4*j - 16, 3*n + 3*j = 87. What is the remainder when 86 is divided by n?
26
Let k(h) = h**2 + 9*h + 8. Let b be k(-7). Calculate the remainder when ((-26)/(-6))/(b/(-54)) is divided by 10.
9
Suppose 202 + 13 = 5*b. Calculate the remainder when b is divided by 16.
11
Suppose k = 2*k + 2. What is the remainder when ((-40)/k)/(-1 - -2) is divided by 11?
9
Let c(a) = 7*a - 11. Suppose -4*z + 3*p + 215 = -0*p, 90 = 2*z + 2*p. Calculate the remainder when z is divided by c(4).
16
Let t = 3 - 7. Let m(b) = -7*b - 2. What is the remainder when 77 is divided by m(t)?
25
Let r(p) = -p**3 - 5*p**2 + 5*p + 2. Let o be r(-3). Let v = -22 - o. Let y = -17 + 43. Calculate the remainder when y is divided by v.
8
Let v be (-1256)/11 + (-6)/(-33). Calculate the remainder when 14 is divided by (-2)/11 - v/22.
4
Let r(d) = 3*d**2 + 2*d - 2. Let c be r(-3). Suppose 3 = j - m - 2, -3*j = -m - c. What is the remainder when j is divided by 4?
3
Suppose 0*p = 4*p - 20. Suppose p*m = 353 - 48. What is the remainder when m is divided by 16?
13
What is the remainder when 23 is divided by (-6)/(-2)*4/4?
2
Let n(d) = -d**2 - 7*d - 5. Let q be n(-8). Let l = q + 19. What is the remainder when 3/(1*1/l) is divided by 10?
8
Let v = 9 + 148. What is the remainder when v is divided by 53?
51
Suppose -7*x + 9 = -96. What is the remainder when 21 is divided by x?
6
Let z(j) = j**2 - 8*j - 12. Calculate the remainder when z(10) is divided by 5.
3
Let k(s) = s**3 - 5*s**2 - 9*s - 9. Calculate the remainder when 50 is divided by k(7).
24
Suppose 0 = 4*m - 4*c - 240, -c + 180 = 3*m - 2*c. Let z = -23 + m. What is the remainder when z is divided by 10?
7
Let q = -9 + 59. Suppose 34 = -3*p + 5*p. Calculate the remainder when q is divided by p.
16
Suppose 16 = -0*u + 2*u. Let s(v) = -v - 7. What is the remainder when u is divided by s(-10)?
2
Let m = -18 - -38. What is the remainder when 76 is divided by m?
16
Let w(i) = i**3 + 2*i**2 - 2*i - 2. Suppose -4*n = -2*q + 16, 3*n + 4 = -2*q - 1. Calculate the remainder when 17 is divided by w(q).
7
Let r(l) = -8*l**2 - l + 2. Let m